{"id":26,"date":"2024-02-17T22:28:41","date_gmt":"2024-02-17T21:28:41","guid":{"rendered":"https:\/\/www.interclube.co.ao\/loja\/?post_type=product&#038;p=26"},"modified":"2024-02-17T22:28:41","modified_gmt":"2024-02-17T21:28:41","slug":"camisola-segundo-equipamento-23-24-azul-marinho-para-homens","status":"publish","type":"product","link":"https:\/\/www.interclube.co.ao\/loja\/produto\/camisola-segundo-equipamento-23-24-azul-marinho-para-homens\/","title":{"rendered":"Camisola Segundo Equipamento 23\/24 Azul-marinho para homens"},"content":{"rendered":"<p>A camisola adidas do segundo equipamento da equipa Real Madrid para a \u00e9poca 23\/24 apresenta um estampado de s\u00edmbolos do infinito como testemunho da paix\u00e3o sem fim dos madridistas. \u00c9 tamb\u00e9m uma lembran\u00e7a de que a viagem at\u00e9 ao est\u00e1dio pode ser t\u00e3o emocionante como os 90 minutos de jogo.<\/p>\n<p>Esta vers\u00e3o apresenta pormenores leves e inser\u00e7\u00f5es em malha para um conforto total antes, durante e depois do jogo. A tecnologia HEAT.RDY da adidas maximiza o fluxo de ar para manter as estrelas do clube sempre frescas. As 3 riscas tricolores nos ombros e o bras\u00e3o do clube transferido a quente no peito mostram a sua fidelidade. Fabricada com 50% de fio Parley Ocean Plastic, um material reciclado a partir de res\u00edduos de pl\u00e1stico recolhidos em ilhas, praias e comunidades costeiras para evitar que poluam os nossos oceanos.<\/p>\n<p class=\"details-box-header\"><strong>Detalhes:<\/strong><\/p>\n<ul>\n<li>Slim fit<\/li>\n<li>Gola redonda canelada<\/li>\n<li>Jacquard Poli\u00e9ster 100% Reciclado<\/li>\n<li>Inser<\/li>\n<li>AEROREADY absorvente<\/li>\n<li>Bainhas caneladas<\/li>\n<\/ul>\n<p>As t-shirts com personaliza\u00e7\u00e3o t\u00eam um prazo de produ\u00e7\u00e3o de 4 a 9 dias \u00fateis, para al\u00e9m da op\u00e7\u00e3o de envio escolhida. Al\u00e9m disso, estas encomendas s\u00e3o definitivas, n\u00e3o podem ser anuladas, trocadas ou devolvidas.<\/p>\n<p>O n\u00famero est\u00e1 sujeito a altera\u00e7\u00f5es at\u00e9 ao final do prazo de transfer\u00eancia. Por este motivo, n\u00e3o ser\u00e3o aceites devolu\u00e7\u00f5es de camisolas personalizadas ap\u00f3s essa altera\u00e7\u00e3o. Ver termos e condi\u00e7\u00f5es<\/p>\n","protected":false},"excerpt":{"rendered":"<p>A camisola adidas do segundo equipamento da equipa Real Madrid para a \u00e9poca 23\/24 apresenta um estampado de s\u00edmbolos do infinito como testemunho da paix\u00e3o sem fim dos madridistas. \u00c9 tamb\u00e9m uma lembran\u00e7a de que a viagem at\u00e9 ao est\u00e1dio pode ser t\u00e3o emocionante como os 90 minutos de jogo. Esta vers\u00e3o apresenta pormenores leves [&hellip;]<\/p>\n","protected":false},"featured_media":34,"template":"","meta":[],"product_brand":[],"product_cat":[22,25],"product_tag":[],"class_list":{"0":"post-26","1":"product","2":"type-product","3":"status-publish","4":"has-post-thumbnail","6":"product_cat-equipamentos","7":"product_cat-fora","9":"first","10":"instock","11":"sale","12":"shipping-taxable","13":"purchasable","14":"product-type-simple"},"_links":{"self":[{"href":"https:\/\/www.interclube.co.ao\/loja\/wp-json\/wp\/v2\/product\/26","targetHints":{"allow":["GET"]}}],"collection":[{"href":"https:\/\/www.interclube.co.ao\/loja\/wp-json\/wp\/v2\/product"}],"about":[{"href":"https:\/\/www.interclube.co.ao\/loja\/wp-json\/wp\/v2\/types\/product"}],"wp:featuredmedia":[{"embeddable":true,"href":"https:\/\/www.interclube.co.ao\/loja\/wp-json\/wp\/v2\/media\/34"}],"wp:attachment":[{"href":"https:\/\/www.interclube.co.ao\/loja\/wp-json\/wp\/v2\/media?parent=26"}],"wp:term":[{"taxonomy":"product_brand","embeddable":true,"href":"https:\/\/www.interclube.co.ao\/loja\/wp-json\/wp\/v2\/product_brand?post=26"},{"taxonomy":"product_cat","embeddable":true,"href":"https:\/\/www.interclube.co.ao\/loja\/wp-json\/wp\/v2\/product_cat?post=26"},{"taxonomy":"product_tag","embeddable":true,"href":"https:\/\/www.interclube.co.ao\/loja\/wp-json\/wp\/v2\/product_tag?post=26"}],"curies":[{"name":"wp","href":"https:\/\/api.w.org\/{rel}","templated":true}]}}