{"id":23,"date":"2024-02-17T22:04:20","date_gmt":"2024-02-17T21:04:20","guid":{"rendered":"https:\/\/www.interclube.co.ao\/loja\/?post_type=product&#038;p=23"},"modified":"2024-02-17T22:40:28","modified_gmt":"2024-02-17T21:40:28","slug":"camisola-oficial-principal-23-24-branco-para-homens","status":"publish","type":"product","link":"https:\/\/www.interclube.co.ao\/loja\/produto\/camisola-oficial-principal-23-24-branco-para-homens\/","title":{"rendered":"Camisola Oficial Principal 23\/24 Branco para Homens"},"content":{"rendered":"<p>A tradi\u00e7\u00e3o recebe uma dose de dourado com a camisola principal 23\/24 do Real Madrid. Com uma elegante base totalmente em branco, o equipamento impressionante mant\u00e9m a linha de um design poderoso, com uma camisola elegante, ligeira e mergulhada nas lendas do futebol.<\/p>\n<p>Num tributo aos equipamentos antigos, os apontamentos dourados s\u00e3o relan\u00e7ados em contraste com o azul-escuro. O estampado integral \u00e9 uma atualiza\u00e7\u00e3o subtil ao branco cl\u00e1ssico, complementado por uma nova silhueta de futebol que te permite levar a eleg\u00e2ncia e o estilo do clube para fora do relvado. O tecido HEAT.RDY maximiza a circula\u00e7\u00e3o do ar para sentires o corpo fresco, ao passo que o emblema bordado e a inscri\u00e7\u00e3o &#8220;\u00a1Hala Madrid!&#8221; na gola captam a mentalidade vencedora da equipa.<\/p>\n<p><strong>Detalhes:<\/strong><\/p>\n<ul>\n<li>Corte normal<\/li>\n<li>Gola redonda canelada<\/li>\n<li>Jacquard Poli\u00e9ster 100% Reciclado<\/li>\n<li>Inser\u00e7\u00f5es laterais: malha poli\u00e9ster 100% reciclado<\/li>\n<li>AEROREADY absorvente<\/li>\n<li>Bainhas caneladas<\/li>\n<\/ul>\n","protected":false},"excerpt":{"rendered":"<p>A tradi\u00e7\u00e3o recebe uma dose de dourado com a camisola principal 23\/24 do Real Madrid. Com uma elegante base totalmente em branco, o equipamento impressionante mant\u00e9m a linha de um design poderoso, com uma camisola elegante, ligeira e mergulhada nas lendas do futebol. Num tributo aos equipamentos antigos, os apontamentos dourados s\u00e3o relan\u00e7ados em contraste [&hellip;]<\/p>\n","protected":false},"featured_media":36,"template":"","meta":[],"product_brand":[],"product_cat":[24,22],"product_tag":[],"class_list":{"0":"post-23","1":"product","2":"type-product","3":"status-publish","4":"has-post-thumbnail","6":"product_cat-casa","7":"product_cat-equipamentos","9":"first","10":"instock","11":"sale","12":"shipping-taxable","13":"purchasable","14":"product-type-simple"},"_links":{"self":[{"href":"https:\/\/www.interclube.co.ao\/loja\/wp-json\/wp\/v2\/product\/23","targetHints":{"allow":["GET"]}}],"collection":[{"href":"https:\/\/www.interclube.co.ao\/loja\/wp-json\/wp\/v2\/product"}],"about":[{"href":"https:\/\/www.interclube.co.ao\/loja\/wp-json\/wp\/v2\/types\/product"}],"wp:featuredmedia":[{"embeddable":true,"href":"https:\/\/www.interclube.co.ao\/loja\/wp-json\/wp\/v2\/media\/36"}],"wp:attachment":[{"href":"https:\/\/www.interclube.co.ao\/loja\/wp-json\/wp\/v2\/media?parent=23"}],"wp:term":[{"taxonomy":"product_brand","embeddable":true,"href":"https:\/\/www.interclube.co.ao\/loja\/wp-json\/wp\/v2\/product_brand?post=23"},{"taxonomy":"product_cat","embeddable":true,"href":"https:\/\/www.interclube.co.ao\/loja\/wp-json\/wp\/v2\/product_cat?post=23"},{"taxonomy":"product_tag","embeddable":true,"href":"https:\/\/www.interclube.co.ao\/loja\/wp-json\/wp\/v2\/product_tag?post=23"}],"curies":[{"name":"wp","href":"https:\/\/api.w.org\/{rel}","templated":true}]}}